he units digit of q?
6
Suppose 8 = l - 3*z + z, 4*z = -4*l - 4. What is the units digit of -2 + -28*l/(-4)?
2
Suppose 5*g - 3*s + 5*s = -250, s - 235 = 5*g. Let i be g/(-5)*(-40)/(-12). Suppose 5*r - i = r. What is the units digit of r?
8
What is the units digit of (65 - (-3 + 1)) + -1?
6
Suppose -2*l = -4*x - 10, 5*l - 17 = -5*x - 7. Let d be (l - 0)*(1 + -3). Let s(b) = -b + 3. What is the units digit of s(d)?
9
Suppose 0 = 2*q - 3*n - 5 - 21, -26 = -3*q - 2*n. What is the units digit of (q - 0) + (-7 - -3)?
6
Let w(o) = -4*o - 6. Suppose -3*g - 14 = -4*q, -5*g - 20 = -g - 4*q. Let j be w(g). Suppose j = 3*p - 6. What is the units digit of p?
8
Let t = -444 + 848. What is the units digit of t?
4
Let g(q) = 3*q**2 + 5*q**2 + q - 2*q**2. Let f be g(-1). Suppose -3*t = 4*o - 17, -f*o + 3*o - 9 = 5*t. What is the units digit of o?
8
Let u(w) = 2*w**2 + 2*w + 1. Let c be u(-2). Suppose -5*l = -c*k - 0*l, k + 15 = 4*l. What is the units digit of k?
5
Let w be 3*(-4)/(-24)*4. Suppose 0 = -4*c - 16, m - 9 = -0*m - w*c. What is the units digit of m?
7
Suppose 4*g + 17 = 5. Let d(z) = 2*z + 4. Let r be d(g). What is the units digit of 7 + (-1 - r)/(-1)?
6
Suppose 5*k + 4*o - 1 + 3 = 0, -k = -o - 5. Suppose -3*u + k*u = -5*q + 24, 2*u = 5*q - 23. What is the units digit of q?
5
Suppose 4*i - 324 = -4*c, i + 156 = 4*c - 158. What is the tens digit of c?
7
Let j(u) = u**2 - 2*u - 7. Let g be j(-6). Suppose -4*f - y + 55 = -2*y, y = 3*f - g. Let w = 30 - f. What is the units digit of w?
6
Let d(i) = 0*i**2 - 4 + i**2 - 6*i - 2*i**2 + 2*i**2. What is the units digit of d(7)?
3
Let i(h) = 16*h + 6. Let q(n) = 3*n + 1. Let f(x) = -3*i(x) + 14*q(x). What is the units digit of f(-3)?
4
What is the tens digit of (-81)/(-2)*12/9?
5
Suppose 5*g = 16*g - 2167. What is the tens digit of g?
9
Let o = -7 + 9. What is the units digit of (1*(-6)/o)/(-1)?
3
Let f(k) = -k - 15. Let q be f(0). Let a be (3 + 24/(-9))*q. Let p = a - -11. What is the units digit of p?
6
Suppose -215 - 215 = -5*z. What is the tens digit of z?
8
Suppose -3*f = 2*f - 15. Suppose f*p - 1 - 11 = 0. What is the units digit of p?
4
Suppose -2*d + 2 = -0. Let g(b) = -b**2 - d + 3 + 0 + 6*b. What is the units digit of g(6)?
2
What is the units digit of (-3)/2 - (-11)/((-176)/(-984))?
0
Suppose 5*y = -2*p + 31 + 231, p = 1. Suppose 3*t - y = -t. What is the units digit of t?
3
Let y(h) = h**2 + 2*h - 2. What is the units digit of y(-3)?
1
Suppose -5*r - 4*s = -63, -5*r = -0*r + 5*s - 65. What is the tens digit of r?
1
Let x(b) = 3*b**2 - 6*b + 25. What is the tens digit of x(6)?
9
Let n(i) be the second derivative of -i**3/3 - 9*i**2/2 + 5*i. Let m = -26 - -16. What is the units digit of n(m)?
1
Let o(y) be the first derivative of y**3/3 + 3*y - 4. What is the units digit of o(0)?
3
Suppose -3*t - 5*o = -89, -2*o + 62 = 4*t - 2*t. What is the tens digit of t?
3
Let u = -12 + 6. Let l(p) = p**2 + 5*p - 3. Let t be l(u). Suppose t*d - 2*w = w + 66, 3*d - w - 64 = 0. What is the units digit of d?
1
Suppose -l - 2*y = 2 - 4, 0 = -2*l - 5*y + 6. Suppose 3*m + m - 40 = -3*p, 5*p - 5*m - 20 = 0. Let h = l + p. What is the units digit of h?
6
Let c be -27 + 3/(-2 + -1). What is the units digit of (-30)/50 + c/(-5)?
5
Let a(n) = -3*n**3 + 2*n**2 - n - 3. Let v be a(3). What is the tens digit of (18/27)/((-1)/v)?
4
Suppose 4*t - 4 = -4*n, -4*n + 4*t - 36 + 0 = 0. Let a = n - -3. Let h(r) = 8*r**2 + 1. What is the units digit of h(a)?
9
Suppose 1 = d + 4. Let r be (-2 - 4)/(d/2). Suppose 4 = j - r. What is the units digit of j?
8
Let z = 683 - 485. What is the hundreds digit of z?
1
Let r(p) = p**2 - 6*p - 7. Let v be r(7). Suppose 5*g - 130 = -v*g. Suppose -n + g = 5*h, 8 + 0 = 3*n + h. What is the units digit of n?
1
Let y(j) = 16*j**3 + 2*j + 1 + 2*j**2 - 12*j**3 - 33*j**3. What is the tens digit of y(-1)?
3
Let m(j) = 5*j + 1. Let h be m(1). Let l(x) = x**2 - 5*x + 3. What is the units digit of l(h)?
9
Let w = -21 - -83. What is the units digit of w?
2
What is the units digit of (-15)/((20/(-115))/4)?
5
Suppose -4*b = i - 0*i + 4, 2*i + b - 13 = 0. Let m = i + -7. What is the units digit of m?
1
Let v(r) = r**2 - 5*r + 4. Let y be v(3). Let q be 1/y + (-2)/4. What is the units digit of 0 + q + 7 + 0?
6
Let b(i) = -5*i - 3. Let a(x) = x**3 - 10*x**2 + 8*x + 7. Suppose 5*l - 15 = 0, -30 = -5*y + 2*y - l. Let n be a(y). What is the units digit of b(n)?
7
Let s be (0/(-4))/(5 + -3). Let n(m) = m**3 - 2*m**2 - 2. Let f be n(2). Let q = s - f. What is the units digit of q?
2
Suppose 0 = -2*m + 3*b + 16 - 65, -134 = 5*m + 4*b. What is the units digit of (4/(-5))/(m/1625)?
0
Let u = -78 + 167. What is the tens digit of u?
8
Suppose -6*t + 9 = -3*t. Suppose 34 = t*v - v. What is the tens digit of v?
1
Let k(n) = -n**2 - 31*n + 49. What is the tens digit of k(-30)?
7
Suppose 32 = s + 2*d, 2*s - 4*d = -3*s + 188. What is the tens digit of s?
3
Suppose -5*g - 3 + 28 = 0. Suppose 0 = -3*j - h + 9, 0 = 6*j - 3*j - g*h + 9. Suppose -j*y = -4*y + 18. What is the units digit of y?
9
Let j be (-28)/3 - (-2)/6. Let b(c) be the second derivative of -c**3/3 - 5*c**2/2 - 5*c. What is the tens digit of b(j)?
1
What is the tens digit of 1*(-2)/14 + (-113)/(-7)?
1
Suppose -5*k + 133 + 782 = 3*s, 0 = 5*s. What is the hundreds digit of k?
1
Let b = 18 - 13. Suppose -4*u + 2*h + 4 = 7*h, 0 = b*u - 2*h - 5. What is the units digit of u?
1
Let d(k) = k**2 - 5*k - 2. Let z be d(5). Let w = 5 + z. Suppose -33 + 3 = -w*g. What is the tens digit of g?
1
Let v(g) = g**3 - g + 1. Let o(u) = -5*u**3 - 6*u**2 - 6. Let k(b) = -o(b) - 4*v(b). Let q be 3 - (7 + (-1 - -2)). What is the units digit of k(q)?
7
Let h = 26 - 6. Suppose -3*c + 20 = 3*r - 10, -4*c + r = -h. Suppose c - 19 = -4*q + 3*d, 1 = d. What is the units digit of q?
4
Let r(c) = c + 1. Let j(u) = u - 3. Let m(k) = -j(k) - 5*r(k). What is the units digit of m(-2)?
0
Suppose -3*n + 8*n = 1260. Suppose n - 82 = 5*f. What is the units digit of f?
4
Let c be (-5)/(-35) - 26/(-14). What is the units digit of c/4*(-22)/(-11)?
1
Let s = 5 + -4. Let n be 8*((-1)/(-2))/s. Suppose 13 + 27 = n*m. What is the tens digit of m?
1
Let c(g) = -2*g - 8. Let p(m) = -m**3 + m**2 - m + 15. Let r be p(0). Let o be 2/6 - 95/r. What is the units digit of c(o)?
4
Let c = 11 - -13. What is the tens digit of c?
2
What is the tens digit of (-38)/10 + 4/(-20) - -111?
0
Suppose -3*q - 42 = -3*b, -4*q + b - 71 = 2*b. Let g = 29 + q. What is the units digit of g?
2
Let m be -1*(1 - (2 + -2)). Let z be (3 + m)*(-2)/4. What is the units digit of ((-2)/z + 4)/1?
6
Let k(d) = -d**2 - 3*d + 3. Let b be k(-3). Suppose b*n - 2*n + 1 = o, -1 = -o - 5*n. What is the units digit of o?
1
Let l be 1/2*2*-3. Let z be (l/6)/(2/28). Let b = -5 - z. What is the units digit of b?
2
Suppose 4*s - q = 78 + 105, -4*q = s - 50. Suppose 0*n - 5*u = 2*n - 30, 3*u = -4*n + s. What is the tens digit of n?
1
Suppose -4*n + a + 89 = 0, 0 = -2*n - 5*a + 48 + 13. What is the tens digit of n?
2
Let w(p) = p**2 - 2*p + 5. What is the tens digit of w(-8)?
8
Suppose 0 = 3*a - 7*a + 20. Let l = a - -11. What is the units digit of l?
6
Suppose 2*l - 2*i - 36 = 0, 5*l + 5*i - 57 = 33. Suppose 3*d + 0*d = l. What is the units digit of d?
6
Suppose 3*a - 10 - 8 = 0. What is the units digit of a?
6
Suppose -4*d + 126 = 26. Suppose 15 = 5*y - n - 0*n, -4*n = 20. Suppose y*j = -3*j + d. What is the units digit of j?
5
Let c(g) = 27*g**2 + g. Let s be c(1). Let l = 46 - s. What is the units digit of l?
8
Let g = -18 + -4. Let s = g + 40. What is the tens digit of s?
1
Let y = 84 - 79. Suppose -2*w + 17 = -5*u, -w - w + 2*u = -8. Suppose y*f = 6 - w. What is the units digit of f?
1
Let h be -3 - -4 - (-1 + -34). Suppose -k - h = 3*k. Let p = 0 - k. What is the units digit of p?
9
Let l = 1 - 0. Let u = -6 + 4. What is the units digit of (-33)/(-6) + l/u?
5
Let h(i) = -i - 3. Let o be h(-4). Suppose z = o + 2. Suppose -1 = j - z. What is the units digit of j?
2
What is the units digit of (-2145)/(-20) - 3/12?
7
Suppose -m = -3*m + 10. Suppose m*r = -4*b - 12, 5*r - b - 3 = r. Suppose r*x - u = -3*x + 4, 4*x - 18 = -5*u. What is the units digit of x?
2
Let w(y) = 3*y - 20. What is the units digit of w(15)?
5
Let p = 42 + -10. What is the tens digit of p